he millions digit of 982515403?
2
What is the tens digit of 33934062?
6
What is the hundred millions digit of 168263804?
1
What is the hundred millions digit of 237840774?
2
What is the units digit of 38882339?
9
What is the units digit of 275541184?
4
What is the tens digit of 93352544?
4
What is the hundreds digit of 58584552?
5
What is the hundred millions digit of 687910537?
6
What is the units digit of 214359522?
2
What is the tens digit of 3210965?
6
What is the units digit of 55521655?
5
What is the hundred millions digit of 4684446352?
6
What is the hundred thousands digit of 3460799851?
7
What is the ten millions digit of 461812913?
6
What is the units digit of 57680887?
7
What is the units digit of 22923089?
9
What is the millions digit of 3638657962?
8
What is the units digit of 6296091314?
4
What is the millions digit of 37604117?
7
What is the units digit of 28317244?
4
What is the thousands digit of 118979456?
9
What is the hundred thousands digit of 31383125?
3
What is the tens digit of 25649127?
2
What is the ten thousands digit of 55547738?
4
What is the tens digit of 352779859?
5
What is the tens digit of 15405317?
1
What is the units digit of 27548247?
7
What is the billions digit of 1964116068?
1
What is the units digit of 892852004?
4
What is the millions digit of 220800464?
0
What is the millions digit of 2732016581?
2
What is the ten thousands digit of 3308936458?
3
What is the billions digit of 2280855055?
2
What is the units digit of 948689203?
3
What is the hundred millions digit of 3256932869?
2
What is the ten millions digit of 2494422418?
9
What is the tens digit of 41837180?
8
What is the ten thousands digit of 122589992?
8
What is the tens digit of 1135329024?
2
What is the hundred millions digit of 1895977520?
8
What is the thousands digit of 648403783?
3
What is the millions digit of 510275465?
0
What is the thousands digit of 98554768?
4
What is the thousands digit of 3812670399?
0
What is the tens digit of 1786960372?
7
What is the hundred thousands digit of 9226856?
2
What is the hundred thousands digit of 100532131?
5
What is the tens digit of 571693522?
2
What is the hundred thousands digit of 15915631?
9
What is the ten millions digit of 1222513360?
2
What is the hundred thousands digit of 96123894?
1
What is the units digit of 8076068528?
8
What is the ten thousands digit of 101379954?
7
What is the units digit of 15159833?
3
What is the millions digit of 1217998621?
7
What is the ten millions digit of 95815561?
9
What is the ten thousands digit of 179701864?
0
What is the hundred thousands digit of 4719450?
7
What is the hundred thousands digit of 108331285?
3
What is the hundreds digit of 34494596?
5
What is the thousands digit of 808556640?
6
What is the hundred millions digit of 388199996?
3
What is the thousands digit of 113917831?
7
What is the hundreds digit of 84169160?
1
What is the hundreds digit of 24816147?
1
What is the hundred millions digit of 508791778?
5
What is the units digit of 5205262118?
8
What is the tens digit of 5267103694?
9
What is the hundreds digit of 2264480022?
0
What is the units digit of 727850118?
8
What is the hundred millions digit of 996623421?
9
What is the hundreds digit of 419100289?
2
What is the ten millions digit of 3986719203?
8
What is the tens digit of 54977458?
5
What is the thousands digit of 77629501?
9
What is the millions digit of 240975391?
0
What is the hundreds digit of 193769015?
0
What is the thousands digit of 186931123?
1
What is the hundred thousands digit of 405479349?
4
What is the units digit of 282841796?
6
What is the hundreds digit of 296813577?
5
What is the ten thousands digit of 536482392?
8
What is the ten millions digit of 60624795?
6
What is the hundreds digit of 1180870159?
1
What is the millions digit of 373345301?
3
What is the millions digit of 3858762019?
8
What is the hundred millions digit of 5331096457?
3
What is the units digit of 109801581?
1
What is the hundreds digit of 72182671?
6
What is the millions digit of 18987353?
8
What is the ten millions digit of 37853004?
3
What is the billions digit of 4819223072?
4
What is the hundred millions digit of 1506829550?
5
What is the units digit of 279782226?
6
What is the hundred millions digit of 996927661?
9
What is the units digit of 294840939?
9
What is the hundred millions digit of 6558628528?
5
What is the hundred millions digit of 619189629?
6
What is the hundreds digit of 82448695?
6
What is the thousands digit of 248040467?
0
What is the millions digit of 56934018?
6
What is the ten millions digit of 134023159?
3
What is the billions digit of 1826844914?
1
What is the ten millions digit of 458574127?
5
What is the units digit of 4934999138?
8
What is the hundreds digit of 99826486?
4
What is the thousands digit of 6088728761?
8
What is the thousands digit of 2030623?
0
What is the ten thousands digit of 62788059?
8
What is the units digit of 61015700?
0
What is the hundreds digit of 124772135?
1
What is the ten thousands digit of 24558590?
5
What is the ten thousands digit of 453782455?
8
What is the hundreds digit of 135808519?
5
What is the hundred thousands digit of 2239963361?
9
What is the ten thousands digit of 183369803?
6
What is the tens digit of 28205232?
3
What is the units digit of 366352264?
4
What is the hundred thousands digit of 456246021?
2
What is the units digit of 283418280?
0
What is the hundred thousands digit of 128079789?
0
What is the millions digit of 52947940?
2
What is the ten thousands digit of 678066107?
6
What is the hundreds digit of 83164652?
6
What is the ten millions digit of 294874148?
9
What is the units digit of 1839464705?
5
What is the hundred thousands digit of 6195715256?
7
What is the thousands digit of 72849334?
9
What is the thousands digit of 173339669?
9
What is the millions digit of 163894542?
3
What is the hundred thousands digit of 153148329?
1
What is the hundreds digit of 2503446811?
8
What is the ten millions digit of 2924328985?
2
What is the millions digit of 246420133?
6
What is the hundreds digit of 33154236?
2
What is the units digit of 2632526132?
2
What is the hundred thousands digit of 435257970?
2
What is the units digit of 946207103?
3
What is the ten thousands digit of 98164474?
6
What is the hundred thousands digit of 3372796884?
7
What is the hundred thousands digit of 1256505646?
5
What is the millions digit of 355325589?
5
What is the units digit of 227274843?
3
What is the ten thousands digit of 294809786?
0
What is the ten thousands digit of 73079445?
7
What is the hundred millions digit of 104045163?
1
What is the ten millions digit of 35980811?
3
What is the units digit of 1220424108?
8
What is the tens digit of 2822722356?
5
What is the units digit of 2580944515?
5
What is the hundreds digit of 161828268?
2
What is the tens digit of 43144195?
9
What is the tens digit of 259745581?
8
What is the millions digit of 141475249?
1
What is the thousands digit of 67818654?
8
What is the hundreds digit of 181036876?
8
What is the hundred thousands digit of 238687754?
6
What is the thousands digit of 1250987229?
7
What is the hundred thousands digit of 7146781?
1
What is the millions digit of 64631165?
4
What is the hundred thousands digit of 7630686330?
6
What is the millions digit of 861654174?
1
What is the millions digit of 206010587?
6
What is the millions digit of 440743481?
0
What is the thousands digit of 31358330?
8
What is the millions digit of 610245789?
0
What is the hundred thousands digit of 1542927872?
9
What is the tens digit of 5333797404?
0
What is the ten thousands digit of 139477679?
7
What is the ten millions digit of 747546790?
4
What is the ten thousands digit of 48566040?
6
What is the thousands digit of 311566576?
6
What is the tens digit of 22345190?
9
What is the hundreds digit of 119811647?
6
What is the hundreds digit of 32155995?
9
What is the ten thousands digit of 134175476?
7
What is the hundred thousands digit of 1805090?
8
What is the units digit of 1884646037?
7
What is the hundreds digit of 17466374?
3
What is the millions digit of 769977827?
9
What is the thousands digit of 2964437082?
7
What is the hundred millions digit of 605898782?
6
What is the ten thousands digit